NOAA-Style Climate Reports


Informe para el 2024 Julio

Daily NOAA report



                            MONTHLY CLIMATOLOGICAL SUMMARY for JUL. 2024

NAME: Meteosanjuan   CITY: Meteosanjuan STATE: Spain
ELEV: 24 LAT: 037:21:39 LONG: 0006:01:50

                            TEMPERATURE ( °C), RAIN (mm), WIND SPEED (kmh)

                                               HEAT     COOL           AVG
      MEAN                                     DEG      DEG            WIND                       DOM
DAY   TEMP    HIGH   TIME     LOW    TIME      DAYS     DAYS    RAIN   SPEED    HIGH    TIME      DIR
--------------------------------------------------------------------------------------------------------
01    24.2    30.4   17:15    17.9   07:34     00.0     05.8    00.0   03.1     24.1    20:48     SSW
02    28.5    37.2   19:52    19.8   04:13     00.0     09.4    00.0   01.9     24.1    21:01     SSW
03    30.9    39.8   19:21    21.9   05:23     00.0     11.4    00.0   02.0     24.1    20:17      SW
04    32.0    40.9   18:17    23.0   07:41     00.0     12.9    00.0   03.5     27.8    22:00      W 
05    27.1    32.6   13:44    21.7   23:27     00.0     09.5    00.0   06.5     31.4    19:25      SW
06    23.6    28.1   18:20    19.2   08:04     00.0     04.1    00.0   06.0     33.3    18:58     SSW
07    22.9    28.9   18:12    16.9   06:50     00.0     04.4    00.0   04.0     25.9    14:22      S 
08    24.3    31.6   17:20    17.1   04:27     00.0     05.3    00.0   02.8     25.9    18:21     SSW
09    25.5    33.4   18:27    17.6   06:25     00.0     06.7    00.0   03.7     33.3    15:11     SSW
10    28.5    37.2   17:32    19.8   07:41     00.0     09.7    00.0   03.1     24.1    19:11      SW
11    29.7    36.8   18:36    22.6   07:28     00.0     12.0    00.0   04.6     31.4    19:54     SSW
12    29.7    35.7   19:09    23.7   05:32     00.0     11.1    00.0   04.5     35.1    18:30      S 
13    26.2    32.5   16:15    19.8   07:47     00.0     07.2    00.0   06.3     31.4    19:07     SSW
14    25.6    33.2   17:45    18.1   07:43     00.0     06.3    00.0   03.9     31.4    17:17      S 
15    26.1    34.1   17:52    18.1   07:13     00.0     07.4    00.0   03.6     31.4    17:06      SW
16    28.0    35.2   17:51    20.7   04:27     00.0     09.1    00.0   02.5     22.2    19:36     SSW
17    28.3    36.7   17:21    19.9   07:32     00.0     09.3    00.0   03.0     24.1    17:26      SW
18    28.5    35.3   20:09    21.7   05:14     00.0     10.4    00.0   02.0     20.4    18:09     WSW
--------------------------------------------------------------------------------------------------------
26.7 (27.2)   40.9  day 04     16.9  day 07   000.0    152.1   000.0   03.7     35.2   day 13     SSW
Max >  30: 16
Min <   30: 18
Max Rain: 0.0 ON 0-07-24
Days of Rain: 0 (> .2mm) 0 (> 2mm) 0 (> 20mm)