NOAA-Style Climate Reports
Select a Year or Month report
2024: Ene Feb Mar Abr May Jun Jul Ago Sep Oct Nov Dic
2023: Ene Feb Mar Abr May Jun Jul Ago Sep Oct Nov Dic
2022: Ene Feb Mar Abr May Jun Jul Ago Sep Oct Nov Dic
2021: Ene Feb Mar Abr May Jun Jul Ago Sep Oct Nov Dic
2020: Ene Feb Mar Abr May Jun Jul Ago Sep Oct Nov Dic
2019: Ene Feb Mar Abr May Jun Jul Ago Sep Oct Nov Dic
2018: Ene Feb Mar Abr May Jun Jul Ago Sep Oct Nov Dic
2017: Ene Feb Mar Abr May Jun Jul Ago Sep Oct Nov Dic
2016: Ene Feb Mar Abr May Jun Jul Ago Sep Oct Nov Dic
2015: Ene Feb Mar Abr May Jun Jul Ago Sep Oct Nov Dic
2014: Ene Feb Mar Abr May Jun Jul Ago Sep Oct Nov Dic
2013: Ene Feb Mar Abr May Jun Jul Ago Sep Oct Nov Dic
2012: Ene Feb Mar Abr May Jun Jul Ago Sep Oct Nov Dic
2024: Ene Feb Mar Abr May Jun Jul Ago Sep Oct Nov Dic
2023: Ene Feb Mar Abr May Jun Jul Ago Sep Oct Nov Dic
2022: Ene Feb Mar Abr May Jun Jul Ago Sep Oct Nov Dic
2021: Ene Feb Mar Abr May Jun Jul Ago Sep Oct Nov Dic
2020: Ene Feb Mar Abr May Jun Jul Ago Sep Oct Nov Dic
2019: Ene Feb Mar Abr May Jun Jul Ago Sep Oct Nov Dic
2018: Ene Feb Mar Abr May Jun Jul Ago Sep Oct Nov Dic
2017: Ene Feb Mar Abr May Jun Jul Ago Sep Oct Nov Dic
2016: Ene Feb Mar Abr May Jun Jul Ago Sep Oct Nov Dic
2015: Ene Feb Mar Abr May Jun Jul Ago Sep Oct Nov Dic
2014: Ene Feb Mar Abr May Jun Jul Ago Sep Oct Nov Dic
2013: Ene Feb Mar Abr May Jun Jul Ago Sep Oct Nov Dic
2012: Ene Feb Mar Abr May Jun Jul Ago Sep Oct Nov Dic
Informe para el 2024 Abril
Daily NOAA report MONTHLY CLIMATOLOGICAL SUMMARY for APR. 2024 NAME: Meteosanjuan CITY: Meteosanjuan STATE: Spain ELEV: 24 LAT: 037:21:39 LONG: 0006:01:50 TEMPERATURE ( °C), RAIN (mm), WIND SPEED (kmh) HEAT COOL AVG MEAN DEG DEG WIND DOM DAY TEMP HIGH TIME LOW TIME DAYS DAYS RAIN SPEED HIGH TIME DIR -------------------------------------------------------------------------------------------------------- 01 13.4 18.7 16:54 08.1 05:22 04.9 00.0 00.2 03.5 27.8 17:33 SW 02 14.5 20.2 18:20 08.9 07:49 04.1 00.0 00.0 02.8 24.1 18:40 WSW 03 16.7 20.8 18:55 12.7 02:28 02.7 00.0 02.6 00.3 16.6 16:27 SE 04 18.5 25.5 18:54 11.5 08:25 00.2 00.0 00.0 02.3 18.5 12:23 NNW 05 21.3 29.8 18:09 12.8 08:06 00.0 02.1 00.0 03.6 20.4 20:37 N 06 21.5 26.0 17:15 17.1 07:53 00.0 02.8 00.0 02.2 14.8 23:01 NW 07 21.7 25.9 18:06 17.4 00:00 00.0 02.7 00.0 03.3 31.4 05:05 W 08 16.2 20.6 19:45 11.9 08:15 01.8 00.0 04.2 04.3 29.6 23:48 WSW 09 15.6 21.8 18:38 09.3 06:53 02.7 00.0 00.0 05.8 33.3 15:09 NNE 10 18.0 24.6 19:10 11.4 08:00 00.0 00.0 00.0 04.1 25.9 16:58 NNE 11 21.9 28.3 19:11 15.4 07:55 00.0 03.4 00.0 04.1 31.4 14:32 NE 12 19.8 26.6 18:25 13.1 08:13 00.0 01.7 00.0 03.9 25.9 22:32 NE 13 20.4 28.1 18:54 12.7 08:09 00.0 01.8 00.0 04.0 22.2 21:46 N 14 21.4 28.9 18:11 13.9 08:07 00.0 03.0 00.0 04.0 20.4 15:44 NNW 15 22.8 30.3 18:41 15.2 08:02 00.0 03.9 00.0 02.3 18.5 19:38 SW 16 24.5 31.8 18:16 17.2 08:12 00.0 05.4 00.0 02.9 24.1 19:48 W 17 22.3 28.7 16:27 15.9 06:30 00.0 02.7 00.0 03.1 22.2 22:15 SSW 18 20.3 24.8 18:03 15.9 06:42 00.0 00.9 00.0 05.0 22.2 20:26 SW 19 20.0 25.8 17:09 14.2 08:28 00.0 01.3 00.0 02.0 20.4 20:38 SSE 20 18.2 21.2 17:07 15.1 23:17 00.2 00.0 00.0 04.4 24.1 20:29 WSW 21 19.1 24.7 19:10 13.4 04:20 00.0 00.2 00.0 02.8 24.1 23:20 WSW 22 20.3 27.4 18:57 13.2 07:56 00.0 01.5 00.0 03.3 22.2 19:40 WSW 23 18.8 24.3 16:59 13.2 07:56 00.0 00.8 00.0 03.6 29.6 11:35 NNE -------------------------------------------------------------------------------------------------------- 19.1 (19.4) 31.8 day 16 08.1 day 01 016.6 034.1 007.0 03.4 33.3 day 09 WNW Max > 30: 2 Min < 30: 23 Max Rain: 4.2 ON 8-04-24 Days of Rain: 3 (> .2mm) 2 (> 2mm) 0 (> 20mm)