NOAA-Style Climate Reports
Select a Year or Month report
2024: Ene Feb Mar Abr May Jun Jul Ago Sep Oct Nov Dic
2023: Ene Feb Mar Abr May Jun Jul Ago Sep Oct Nov Dic
2022: Ene Feb Mar Abr May Jun Jul Ago Sep Oct Nov Dic
2021: Ene Feb Mar Abr May Jun Jul Ago Sep Oct Nov Dic
2020: Ene Feb Mar Abr May Jun Jul Ago Sep Oct Nov Dic
2019: Ene Feb Mar Abr May Jun Jul Ago Sep Oct Nov Dic
2018: Ene Feb Mar Abr May Jun Jul Ago Sep Oct Nov Dic
2017: Ene Feb Mar Abr May Jun Jul Ago Sep Oct Nov Dic
2016: Ene Feb Mar Abr May Jun Jul Ago Sep Oct Nov Dic
2015: Ene Feb Mar Abr May Jun Jul Ago Sep Oct Nov Dic
2014: Ene Feb Mar Abr May Jun Jul Ago Sep Oct Nov Dic
2013: Ene Feb Mar Abr May Jun Jul Ago Sep Oct Nov Dic
2012: Ene Feb Mar Abr May Jun Jul Ago Sep Oct Nov Dic
2024: Ene Feb Mar Abr May Jun Jul Ago Sep Oct Nov Dic
2023: Ene Feb Mar Abr May Jun Jul Ago Sep Oct Nov Dic
2022: Ene Feb Mar Abr May Jun Jul Ago Sep Oct Nov Dic
2021: Ene Feb Mar Abr May Jun Jul Ago Sep Oct Nov Dic
2020: Ene Feb Mar Abr May Jun Jul Ago Sep Oct Nov Dic
2019: Ene Feb Mar Abr May Jun Jul Ago Sep Oct Nov Dic
2018: Ene Feb Mar Abr May Jun Jul Ago Sep Oct Nov Dic
2017: Ene Feb Mar Abr May Jun Jul Ago Sep Oct Nov Dic
2016: Ene Feb Mar Abr May Jun Jul Ago Sep Oct Nov Dic
2015: Ene Feb Mar Abr May Jun Jul Ago Sep Oct Nov Dic
2014: Ene Feb Mar Abr May Jun Jul Ago Sep Oct Nov Dic
2013: Ene Feb Mar Abr May Jun Jul Ago Sep Oct Nov Dic
2012: Ene Feb Mar Abr May Jun Jul Ago Sep Oct Nov Dic
Informe para el 2024 Marzo
Daily NOAA report MONTHLY CLIMATOLOGICAL SUMMARY for MAR. 2024 NAME: Meteosanjuan CITY: Meteosanjuan STATE: Spain ELEV: 24 LAT: 037:21:39 LONG: 0006:01:50 TEMPERATURE ( °C), RAIN (mm), WIND SPEED (kmh) HEAT COOL AVG MEAN DEG DEG WIND DOM DAY TEMP HIGH TIME LOW TIME DAYS DAYS RAIN SPEED HIGH TIME DIR -------------------------------------------------------------------------------------------------------- 01 12.4 18.3 17:55 06.5 08:00 05.9 00.0 00.0 01.1 22.2 19:51 NW 02 12.0 17.6 14:42 06.4 05:43 06.6 00.0 03.2 04.6 42.5 20:31 WSW 03 11.9 16.5 16:22 07.3 08:14 06.3 00.0 00.0 03.2 29.6 15:55 W 04 14.3 19.2 16:12 09.3 05:50 04.6 00.0 02.0 02.2 25.9 14:43 WSW 05 13.0 18.4 17:22 07.5 08:19 05.2 00.0 00.0 01.9 25.9 13:01 N 06 13.7 20.2 16:50 07.2 08:04 04.9 00.0 00.0 02.5 18.5 11:11 NNW 07 11.7 14.8 10:57 08.6 23:55 06.6 00.0 17.2 03.7 42.5 14:56 SSW 08 11.5 15.5 17:08 07.6 08:15 06.8 00.0 16.8 04.7 44.4 23:51 SSW 09 11.9 14.8 01:28 09.1 00:00 06.5 00.0 07.0 04.9 48.1 00:07 SW 10 13.0 17.4 15:28 08.5 08:16 05.8 00.0 00.4 03.8 35.1 13:29 WSW 11 13.4 18.2 17:05 08.6 07:30 05.0 00.0 00.0 00.9 11.1 16:07 W 12 15.0 21.3 16:41 08.7 08:03 03.7 00.0 00.0 02.7 22.2 18:19 NNE 13 15.4 21.4 16:16 09.3 07:36 03.5 00.0 00.0 02.5 18.5 17:21 NW 14 16.6 20.5 17:06 12.6 03:05 02.3 00.0 00.0 00.8 09.3 22:58 SSW 15 15.8 21.4 17:22 10.2 05:50 03.0 00.0 00.0 01.0 14.8 14:08 W 16 19.1 26.2 16:16 12.0 07:45 00.0 00.3 00.0 02.7 20.4 11:35 N 17 20.5 27.6 16:37 13.4 07:40 00.0 01.4 00.0 02.6 16.6 08:46 NNW 18 19.8 25.6 17:06 14.0 07:40 00.0 01.0 00.0 02.1 18.5 09:43 N 19 20.3 25.7 16:33 14.8 08:06 00.0 01.1 00.0 02.3 18.5 15:33 SW 20 17.3 21.1 15:53 13.4 01:54 01.6 00.0 00.0 04.1 22.2 18:41 SSW 21 17.8 23.1 17:59 12.5 03:07 00.7 00.0 00.0 05.3 38.9 12:42 NNE 22 20.9 26.3 17:39 15.6 05:24 00.0 02.5 00.0 04.0 31.4 12:07 N 23 21.6 25.6 17:48 17.6 00:00 00.0 04.0 00.0 01.8 25.9 08:34 N 24 20.1 24.3 14:09 16.0 04:46 00.0 00.8 01.0 04.6 25.9 18:29 N 25 14.8 17.0 18:41 12.6 00:00 03.4 00.0 15.2 05.8 31.4 23:38 SSW 26 11.8 15.4 16:22 08.2 08:52 06.8 00.0 01.6 05.9 44.4 16:45 WSW 27 14.5 18.2 14:59 10.8 03:39 04.0 00.0 02.8 08.9 50.0 16:19 SW -------------------------------------------------------------------------------------------------------- 15.3 (15.6) 27.6 day 17 06.4 day 02 093.5 011.2 067.2 03.4 50.0 day 09 WSW Min < 30: 27 Max Rain: 17.2 ON 7-03-24 Days of Rain: 10 (> .2mm) 6 (> 2mm) 0 (> 20mm)